of 800719?
29, 27611
What are the prime factors of 12077641?
733, 16477
List the prime factors of 374519.
607, 617
List the prime factors of 777407.
37, 21011
What are the prime factors of 167366?
2, 67, 1249
What are the prime factors of 426602?
2, 11, 19391
What are the prime factors of 664724?
2, 137, 1213
What are the prime factors of 6764582?
2, 11, 307481
What are the prime factors of 5472075?
3, 5, 7, 1489
List the prime factors of 3274508.
2, 859, 953
List the prime factors of 3610118.
2, 1805059
What are the prime factors of 3512886?
2, 3, 13, 29, 1553
List the prime factors of 1952846.
2, 7, 19927
List the prime factors of 177657.
3, 59219
List the prime factors of 616112.
2, 7, 5501
What are the prime factors of 198700?
2, 5, 1987
What are the prime factors of 15366786?
2, 3, 59, 83, 523
List the prime factors of 1645083.
3, 11, 29, 191
What are the prime factors of 141008?
2, 7, 1259
List the prime factors of 6013875.
3, 5, 7, 29, 79
What are the prime factors of 2615322?
2, 3, 401, 1087
List the prime factors of 3967590.
2, 3, 5, 11, 1093
What are the prime factors of 804799?
127, 6337
What are the prime factors of 186389?
7, 26627
List the prime factors of 1930820.
2, 5, 29, 3329
List the prime factors of 535182.
2, 3, 191, 467
List the prime factors of 3681229.
151, 24379
What are the prime factors of 272348?
2, 68087
List the prime factors of 1072335.
3, 5, 11, 67, 97
List the prime factors of 14345685.
3, 5, 318793
List the prime factors of 6120876.
2, 3, 510073
List the prime factors of 3423865.
5, 684773
What are the prime factors of 271635?
3, 5, 7, 13, 199
List the prime factors of 6454399.
7, 922057
What are the prime factors of 10055609?
1619, 6211
List the prime factors of 253523.
59, 4297
What are the prime factors of 1356470?
2, 5, 135647
What are the prime factors of 37282962?
2, 3, 6213827
What are the prime factors of 1123646?
2, 41, 71, 193
What are the prime factors of 726320?
2, 5, 7, 1297
What are the prime factors of 3324021?
3, 1108007
What are the prime factors of 3462714?
2, 3, 192373
List the prime factors of 15988731.
3, 11, 79, 6133
List the prime factors of 5951938.
2, 17, 31, 5647
List the prime factors of 940142.
2, 7, 67153
List the prime factors of 162736.
2, 7, 1453
What are the prime factors of 13229279?
7, 73, 25889
List the prime factors of 29384.
2, 3673
What are the prime factors of 507450?
2, 3, 5, 17, 199
What are the prime factors of 11597642?
2, 7, 113, 7331
List the prime factors of 1169019.
3, 29, 1493
What are the prime factors of 19748692?
2, 4937173
List the prime factors of 187808.
2, 5869
What are the prime factors of 84595?
5, 7, 2417
What are the prime factors of 529597?
41, 12917
List the prime factors of 1425681.
3, 5867
List the prime factors of 16235121.
3, 7, 179, 617
List the prime factors of 973311.
3, 324437
List the prime factors of 306846.
2, 3, 17047
List the prime factors of 4920193.
4920193
List the prime factors of 5844396.
2, 3, 17, 28649
What are the prime factors of 625758?
2, 3, 7, 47, 317
What are the prime factors of 4311136?
2, 199, 677
What are the prime factors of 113070?
2, 3, 5, 3769
List the prime factors of 12360752.
2, 23, 33589
List the prime factors of 4581274.
2, 2290637
List the prime factors of 7726989.
3, 2575663
List the prime factors of 196780.
2, 5, 9839
List the prime factors of 6187838.
2, 3093919
What are the prime factors of 1732224?
2, 3, 13, 347
What are the prime factors of 85700?
2, 5, 857
What are the prime factors of 137329?
191, 719
What are the prime factors of 4643566?
2, 2321783
List the prime factors of 2584039.
83, 163, 191
What are the prime factors of 438428?
2, 43, 2549
What are the prime factors of 24156434?
2, 12078217
What are the prime factors of 441007?
7, 251
List the prime factors of 183801.
3, 197, 311
What are the prime factors of 1052043?
3, 23, 79, 193
List the prime factors of 2495322.
2, 3, 138629
List the prime factors of 2873431.
11, 97, 2693
What are the prime factors of 190278?
2, 3, 11, 31
List the prime factors of 19394239.
229, 84691
What are the prime factors of 12260311?
7, 23, 271, 281
What are the prime factors of 1586453?
11, 144223
List the prime factors of 256126.
2, 13, 9851
List the prime factors of 1564946.
2, 782473
What are the prime factors of 22646318?
2, 1277, 8867
What are the prime factors of 31414?
2, 113, 139
What are the prime factors of 101696?
2, 7, 227
List the prime factors of 1973196.
2, 3, 59, 929
List the prime factors of 1071160.
2, 5, 61, 439
List the prime factors of 432306.
2, 3, 7, 47, 73
List the prime factors of 6315085.
5, 7, 67, 2693
What are the prime factors of 102132?
2, 3, 2837
What are the prime factors of 757949?
233, 3253
What are the prime factors of 36610449?
3, 73, 349, 479
List the prime factors of 487471.
487471
What are the prime factors of 661084?
2, 29, 41, 139
List the prime factors of 1025423.
7, 17, 1231
What are the prime factors of 9577578?
2, 3, 127, 12569
List the prime factors of 310933.
7, 43, 1033
List the prime factors of 2128812.
2, 3, 7, 25343
List the prime factors of 3421410.
2, 3, 5, 59, 1933
List the prime factors of 726524.
2, 23, 53, 149
What are the prime factors of 168342?
2, 3, 28057
List the prime factors of 116131.
116131
List the prime factors of 969480.
2, 3, 5, 2693
What are the prime factors of 15489473?
15489473
What are the prime factors of 676026?
2, 3, 13, 107
What are the prime factors of 3369574?
2, 13, 19, 359
What are the prime factors of 2282109?
3, 19, 40037
List the prime factors of 4012348.
2, 1003087
What are the prime factors of 7541258?
2, 911, 4139
What are the prime factors of 1000771?
47, 107, 199
What are the prime factors of 14293294?
2, 17, 31, 71, 191
What are the prime factors of 86337?
3, 53, 181
What are the prime factors of 801030?
2, 3, 5, 26701
What are the prime factors of 1743024?
2, 3, 36313
List the prime factors of 38754218.
2, 23, 842483
List the prime factors of 153971.
79, 1949
List the prime factors of 5190384.
2, 3, 71, 1523
What are the prime factors of 306506?
2, 331, 463
What are the prime factors of 13254?
2, 3, 47
List the prime factors of 556115.
5, 7, 15889
What are the prime factors of 1824968?
2, 157, 1453
List the prime factors of 20902799.
2381, 8779
What are the prime factors of 256530?
2, 3, 5, 17, 503
What are the prime factors of 2653179?
3, 19, 89, 523
What are the prime factors of 4312786?
2, 2156393
What are the prime factors of 14184?
2, 3, 197
What are the prime factors of 239508?
2, 3, 6653
List the prime factors of 134197.
7, 19, 1009
List the prime factors of 580618.
2, 17, 17077
List the prime factors of 1273432.
2, 159179
List the prime factors of 102155.
5, 20431
List the prime factors of 148994.
2, 23, 41, 79
List the prime factors of 20230362.
2, 3, 1123909
List the prime factors of 351019.
37, 53, 179
List the prime factors of 7252038.
2, 3, 23, 5839
What are the prime factors of 36688?
2, 2293
List the prime factors of 5467418.
2, 11, 257, 967
What are the prime factors of 1157219?
7, 165317
What are the prime factors of 476996?
2, 13, 9173
List the prime factors of 320420.
2, 5, 37, 433
What are the prime factors of 7463434?
2, 11, 339247
What are the prime factors of 124811?
19, 6569
List the prime factors of 1258162.
2, 629081
List the prime factors of 121269.
3, 40423
List the prime factors of 2880818.
2, 19, 47, 1613
What are the prime factors of 465841?
465841
List the prime factors of 12362005.
5, 223, 11087
What are the prime factors of 20386162?
2, 17, 89, 6737
What are the prime factors of 3427766?
2, 1713883
What are the prime factors of 3908604?
2, 3, 7, 19, 31, 79
What are the prime factors of 3321301?
3321301
What are the prime factors of 17461643?
17461643
What are the prime factors of 149624?
2, 59, 317
What are the prime factors of 485284?
2, 121321
What are the prime factors of 664514?
2, 53, 6269
What are the prime factors of 18266602?
2, 17, 727, 739
What are the prime factors of 802769?
11, 19, 23, 167
List the prime factors of 368716.
2, 92179
List the prime factors of 9513795.
3, 5, 17, 37309
List the prime factors of 160033.
160033
What are the prime factors of 59487?
3, 79, 251
What are the prime factors of 15429487?
15429487
What a